{"id":185,"date":"2021-05-27T13:53:32","date_gmt":"2021-05-27T10:53:32","guid":{"rendered":"http:\/\/lamiset.com\/index.php\/hakkimizda-2\/"},"modified":"2021-05-27T13:53:59","modified_gmt":"2021-05-27T10:53:59","slug":"hakkimizda-2","status":"publish","type":"page","link":"http:\/\/lamiset.com\/index.php\/hakkimizda-2\/","title":{"rendered":"Hakk\u0131m\u0131zda"},"content":{"rendered":"<div class=\"\" style=\"\" >\n  \n    <section class=\"u-clearfix u-custom-color-14 u-section-1\" id=\"carousel_4b25\">\n      <div class=\"u-expanded-width-lg u-expanded-width-xl u-gradient u-shape u-shape-rectangle u-shape-1\"><\/div>\n      <div class=\"u-align-left u-border-1 u-border-custom-color-1 u-container-style u-group u-white u-group-1\" data-animation-name=\"slideIn\" data-animation-duration=\"1000\" data-animation-delay=\"0\" data-animation-direction=\"Down\">\n        <div class=\"u-container-layout u-container-layout-1\">\n          <h3 class=\"u-text u-text-1\" data-animation-name=\"pulse\" data-animation-duration=\"1000\" data-animation-delay=\"0\" data-animation-direction=\"\">HAKKIMIZDA<\/h3>\n          <p class=\"u-text u-text-2\">\"Lamiset\", 1995 y\u0131l\u0131nda kurulan bir firiman\u0131n en b\u00fcy\u00fck ciro alan\u0131 ile talepler do\u011frultusun da \"Lamsiet\" ad\u0131 ortaya \u00e7\u0131km\u0131\u015ft\u0131r.<br>Lamiset \u00fclkemizde parke ve aksessuar sekt\u00f6r\u00fcnde \u00f6nemli yerlere gelmi\u015fitir. Ge\u00e7mi\u015ften g\u00fcn\u00fcm\u00fcze T\u00fcrkiye'ye ilk parke ithalat\u0131n\u0131 ger\u00e7ekle\u015ftiren \"Billurlar \u0130\u00e7 ve D\u0131\u015f Tic. A.\u015e\" g\u00fcn\u00fcm\u00fczde parke pazarlama sekt\u00f6r\u00fcnde ihtiya\u00e7 do\u011frultusunda kendi markas\u0131 olan \"LAM\u0130SET\"i sekt\u00f6rde ki en \u00e7ok tercih edilen renkler ve kalitede \u00fcretim sa\u011flayarak marka yayg\u0131n hale gelmi\u015ftir...\n          <\/p>\n          <div class=\"u-social-icons u-spacing-29 u-social-icons-1\" data-animation-name=\"flash\" data-animation-duration=\"1000\" data-animation-delay=\"0\" data-animation-direction=\"\">\n            <a class=\"u-social-url\" target=\"_blank\" href=\"\"><span class=\"u-icon u-icon-circle u-social-facebook u-social-icon u-icon-1\"><svg class=\"u-svg-link\" preserveAspectRatio=\"xMidYMin slice\" viewBox=\"0 0 112 112\" style=\"\"><use xmlns:xlink=\"http:\/\/www.w3.org\/1999\/xlink\" xlink:href=\"#svg-014a\"><\/use><\/svg><svg xmlns=\"http:\/\/www.w3.org\/2000\/svg\" xmlns:xlink=\"http:\/\/www.w3.org\/1999\/xlink\" version=\"1.1\" xml:space=\"preserve\" class=\"u-svg-content\" viewBox=\"0 0 112 112\" x=\"0px\" y=\"0px\" id=\"svg-014a\"><path d=\"M75.5,28.8H65.4c-1.5,0-4,0.9-4,4.3v9.4h13.9l-1.5,15.8H61.4v45.1H42.8V58.3h-8.8V42.4h8.8V32.2 c0-7.4,3.4-18.8,18.8-18.8h13.8v15.4H75.5z\"><\/path><\/svg><\/span>\n            <\/a>\n            <a class=\"u-social-url\" target=\"_blank\" href=\"\"><span class=\"u-icon u-icon-circle u-social-icon u-social-twitter u-icon-2\"><svg class=\"u-svg-link\" preserveAspectRatio=\"xMidYMin slice\" viewBox=\"0 0 112 112\" style=\"\"><use xmlns:xlink=\"http:\/\/www.w3.org\/1999\/xlink\" xlink:href=\"#svg-7371\"><\/use><\/svg><svg xmlns=\"http:\/\/www.w3.org\/2000\/svg\" xmlns:xlink=\"http:\/\/www.w3.org\/1999\/xlink\" version=\"1.1\" xml:space=\"preserve\" class=\"u-svg-content\" viewBox=\"0 0 112 112\" x=\"0px\" y=\"0px\" id=\"svg-7371\"><path d=\"M92.2,38.2c0,0.8,0,1.6,0,2.3c0,24.3-18.6,52.4-52.6,52.4c-10.6,0.1-20.2-2.9-28.5-8.2 c1.4,0.2,2.9,0.2,4.4,0.2c8.7,0,16.7-2.9,23-7.9c-8.1-0.2-14.9-5.5-17.3-12.8c1.1,0.2,2.4,0.2,3.4,0.2c1.6,0,3.3-0.2,4.8-0.7 c-8.4-1.6-14.9-9.2-14.9-18c0-0.2,0-0.2,0-0.2c2.5,1.4,5.4,2.2,8.4,2.3c-5-3.3-8.3-8.9-8.3-15.4c0-3.4,1-6.5,2.5-9.2 c9.1,11.1,22.7,18.5,38,19.2c-0.2-1.4-0.4-2.8-0.4-4.3c0.1-10,8.3-18.2,18.5-18.2c5.4,0,10.1,2.2,13.5,5.7c4.3-0.8,8.1-2.3,11.7-4.5 c-1.4,4.3-4.3,7.9-8.1,10.1c3.7-0.4,7.3-1.4,10.6-2.9C98.9,32.3,95.7,35.5,92.2,38.2z\"><\/path><\/svg><\/span>\n            <\/a>\n            <a class=\"u-social-url\" target=\"_blank\" href=\"\"><span class=\"u-icon u-icon-circle u-social-icon u-social-instagram u-icon-3\"><svg class=\"u-svg-link\" preserveAspectRatio=\"xMidYMin slice\" viewBox=\"0 0 112 112\" style=\"\"><use xmlns:xlink=\"http:\/\/www.w3.org\/1999\/xlink\" xlink:href=\"#svg-2cd9\"><\/use><\/svg><svg xmlns=\"http:\/\/www.w3.org\/2000\/svg\" xmlns:xlink=\"http:\/\/www.w3.org\/1999\/xlink\" version=\"1.1\" xml:space=\"preserve\" class=\"u-svg-content\" viewBox=\"0 0 112 112\" x=\"0px\" y=\"0px\" id=\"svg-2cd9\"><path d=\"M55.9,32.9c-12.8,0-23.2,10.4-23.2,23.2s10.4,23.2,23.2,23.2s23.2-10.4,23.2-23.2S68.7,32.9,55.9,32.9z M55.9,69.4c-7.4,0-13.3-6-13.3-13.3c-0.1-7.4,6-13.3,13.3-13.3s13.3,6,13.3,13.3C69.3,63.5,63.3,69.4,55.9,69.4z\"><\/path><path d=\"M79.7,26.8c-3,0-5.4,2.5-5.4,5.4s2.5,5.4,5.4,5.4c3,0,5.4-2.5,5.4-5.4S82.7,26.8,79.7,26.8z\"><\/path><path d=\"M78.2,11H33.5C21,11,10.8,21.3,10.8,33.7v44.7c0,12.6,10.2,22.8,22.7,22.8h44.7c12.6,0,22.7-10.2,22.7-22.7 V33.7C100.8,21.1,90.6,11,78.2,11z M91,78.4c0,7.1-5.8,12.8-12.8,12.8H33.5c-7.1,0-12.8-5.8-12.8-12.8V33.7 c0-7.1,5.8-12.8,12.8-12.8h44.7c7.1,0,12.8,5.8,12.8,12.8V78.4z\"><\/path><\/svg><\/span>\n            <\/a>\n          <\/div>\n        <\/div>\n      <\/div>\n      <div class=\"u-align-left u-container-style u-custom-color-14 u-group u-group-2\">\n        <div class=\"u-container-layout u-container-layout-2\">\n          <h1 class=\"u-custom-font u-font-playfair-display u-text u-text-3\" data-animation-name=\"zoomIn\" data-animation-duration=\"1000\" data-animation-delay=\"0\" data-animation-direction=\"\">Lamiset Nerde \u00dcretilmektedir?<\/h1>\n          <h3 class=\"u-text u-text-custom-color-1 u-text-4\" data-animation-name=\"flipIn\" data-animation-duration=\"1000\" data-animation-delay=\"0\" data-animation-direction=\"X\">'LAMISET'' T\u00dcRKIYENIN EN \u00c7OK PARKE \u00dcRETEN KARTEPE&nbsp;TESISIN DE \u00dcRETILMEKTEDIR.&nbsp;<br>\n          <\/h3>\n        <\/div>\n      <\/div>\n    <\/section>\n    \n    \n    \n    \n    \n  \n<\/div>","protected":false},"excerpt":{"rendered":"<p>HAKKIMIZDA &#8220;Lamiset&#8221;, 1995 y\u0131l\u0131nda kurulan bir firiman\u0131n en b\u00fcy\u00fck ciro alan\u0131 ile talepler do\u011frultusun da &#8220;Lamsiet&#8221; ad\u0131 ortaya \u00e7\u0131km\u0131\u015ft\u0131r.Lamiset \u00fclkemizde parke ve aksessuar sekt\u00f6r\u00fcnde \u00f6nemli yerlere gelmi\u015fitir. Ge\u00e7mi\u015ften g\u00fcn\u00fcm\u00fcze T\u00fcrkiye&#8217;ye ilk parke ithalat\u0131n\u0131 ger\u00e7ekle\u015ftiren &#8220;Billurlar \u0130\u00e7 ve D\u0131\u015f Tic. A.\u015e&#8221; g\u00fcn\u00fcm\u00fczde parke pazarlama sekt\u00f6r\u00fcnde ihtiya\u00e7 do\u011frultusunda kendi markas\u0131 olan &#8220;LAM\u0130SET&#8221;i sekt\u00f6rde ki en \u00e7ok tercih&hellip; <a class=\"more-link\" href=\"http:\/\/lamiset.com\/index.php\/hakkimizda-2\/\">Okumaya devam et <span class=\"screen-reader-text\">Hakk\u0131m\u0131zda<\/span><\/a><\/p>\n","protected":false},"author":1,"featured_media":0,"parent":0,"menu_order":4,"comment_status":"closed","ping_status":"closed","template":"","meta":{"footnotes":""},"class_list":["post-185","page","type-page","status-publish","hentry","entry"],"_links":{"self":[{"href":"http:\/\/lamiset.com\/index.php\/wp-json\/wp\/v2\/pages\/185","targetHints":{"allow":["GET"]}}],"collection":[{"href":"http:\/\/lamiset.com\/index.php\/wp-json\/wp\/v2\/pages"}],"about":[{"href":"http:\/\/lamiset.com\/index.php\/wp-json\/wp\/v2\/types\/page"}],"author":[{"embeddable":true,"href":"http:\/\/lamiset.com\/index.php\/wp-json\/wp\/v2\/users\/1"}],"replies":[{"embeddable":true,"href":"http:\/\/lamiset.com\/index.php\/wp-json\/wp\/v2\/comments?post=185"}],"version-history":[{"count":1,"href":"http:\/\/lamiset.com\/index.php\/wp-json\/wp\/v2\/pages\/185\/revisions"}],"predecessor-version":[{"id":221,"href":"http:\/\/lamiset.com\/index.php\/wp-json\/wp\/v2\/pages\/185\/revisions\/221"}],"wp:attachment":[{"href":"http:\/\/lamiset.com\/index.php\/wp-json\/wp\/v2\/media?parent=185"}],"curies":[{"name":"wp","href":"https:\/\/api.w.org\/{rel}","templated":true}]}}