{"id":197,"date":"2021-05-27T13:53:44","date_gmt":"2021-05-27T10:53:44","guid":{"rendered":"http:\/\/lamiset.com\/index.php\/anemon\/"},"modified":"2021-05-27T13:54:00","modified_gmt":"2021-05-27T10:54:00","slug":"anemon","status":"publish","type":"page","link":"http:\/\/lamiset.com\/index.php\/anemon\/","title":{"rendered":"ANEMON"},"content":{"rendered":"<div class=\"\" style=\"\" >\n  \n    <section class=\"u-carousel u-slide u-valign-middle u-block-3b7b-1\" id=\"carousel_e88f\" data-interval=\"5000\" data-u-ride=\"carousel\">\n      <ol class=\"u-absolute-hcenter u-carousel-indicators u-block-3b7b-2\">\n        <li data-u-target=\"#carousel_e88f\" data-u-slide-to=\"0\" class=\"u-active u-grey-30\"><\/li>\n      <\/ol>\n      <div class=\"u-carousel-inner\" role=\"listbox\">\n        <div class=\"u-active u-align-center u-carousel-item u-clearfix u-palette-3-dark-3 u-section-1-1\">\n          <div class=\"u-clearfix u-sheet u-sheet-1\">\n            <div class=\"u-clearfix u-layout-wrap u-layout-wrap-1\">\n              <div class=\"u-gutter-0 u-layout\">\n                <div class=\"u-layout-row\">\n                  <div class=\"u-size-26\">\n                    <div class=\"u-layout-col\">\n                      <div class=\"u-container-style u-layout-cell u-left-cell u-size-60 u-layout-cell-1\">\n                        <div class=\"u-container-layout u-container-layout-1\">\n                          <img decoding=\"async\" class=\"u-image u-image-1\" src=\"http:\/\/lamiset.com\/wp-content\/uploads\/2021\/05\/36.png\" data-image-width=\"250\" data-image-height=\"1600\">\n                        <\/div>\n                      <\/div>\n                    <\/div>\n                  <\/div>\n                  <div class=\"u-size-34\">\n                    <div class=\"u-layout-row\">\n                      <div class=\"u-container-style u-layout-cell u-right-cell u-size-60 u-layout-cell-2\">\n                        <div class=\"u-container-layout u-container-layout-2\">\n                          <h2 class=\"u-text u-text-custom-color-19 u-text-1\">ANEMON<\/h2>\n                          <p class=\"u-text u-text-2\">Sonbaharda yaprak d\u00f6kmeyen ve i\u011fne yaprakl\u0131 bir a\u011fa\u00e7 t\u00fcr\u00fc olan \u00e7am so\u011fu\u011fa ve kurakl\u0131\u011fa kar\u015f\u0131 dayan\u0131kl\u0131d\u0131r. Bu durum onu her yerde yeti\u015febilecek bir a\u011fa\u00e7 yapm\u0131\u015ft\u0131r. Havay\u0131 da temizledi\u011fi i\u00e7in \u00e7am a\u011fa\u00e7lar\u0131n\u0131 her yerde g\u00f6rmek m\u00fcmk\u00fcnd\u00fcr. \u00c7am a\u011fa\u00e7lar\u0131 ayn\u0131 zamanda 100 ile 1000 y\u0131l ya\u015famakta olup boylar\u0131 9 ile 25 metre aras\u0131nda de\u011fi\u015fmektedir.<\/p>\n                          <img decoding=\"async\" class=\"u-image u-image-2\" src=\"http:\/\/lamiset.com\/wp-content\/uploads\/2021\/05\/7dd4ae61c29ae47617b6adc4687b4599fedcb80100a67104de4b5fce3fa42306b2cfcdb3f9b69d626960f16771c66e6bd35a5e887a86589f705345_1280.jpg\" data-image-width=\"1280\" data-image-height=\"853\">\n                          <img decoding=\"async\" class=\"u-border-12 u-border-custom-color-19 u-image u-image-3\" src=\"http:\/\/lamiset.com\/wp-content\/uploads\/2021\/05\/c0925c45dfb8253e52200820de41fad48ea437ed04d5ca93db509f06cca180274b2fbb98b4d88482c819c4f38ee3ab8614338924814709cee5bb86_1280.jpg\" data-image-width=\"1280\" data-image-height=\"853\">\n                        <\/div>\n                      <\/div>\n                    <\/div>\n                  <\/div>\n                <\/div>\n              <\/div>\n            <\/div>\n            <img decoding=\"async\" class=\"u-image u-image-4\" src=\"http:\/\/lamiset.com\/wp-content\/uploads\/2021\/05\/Baslksz-1-Kurtarld1.png\" data-image-width=\"959\" data-image-height=\"6142\">\n            <img decoding=\"async\" class=\"u-image u-image-5\" src=\"http:\/\/lamiset.com\/wp-content\/uploads\/2021\/05\/36.png\" data-image-width=\"250\" data-image-height=\"1600\">\n          <\/div>\n        <\/div>\n      <\/div>\n      <a class=\"u-absolute-vcenter u-carousel-control u-carousel-control-prev u-text-hover-custom-color-14 u-text-palette-5-base u-block-3b7b-3\" href=\"#carousel_e88f\" role=\"button\" data-u-slide=\"prev\">\n        <span aria-hidden=\"true\">\n          <svg viewBox=\"0 0 477.175 477.175\"><path d=\"M145.188,238.575l215.5-215.5c5.3-5.3,5.3-13.8,0-19.1s-13.8-5.3-19.1,0l-225.1,225.1c-5.3,5.3-5.3,13.8,0,19.1l225.1,225\n                    c2.6,2.6,6.1,4,9.5,4s6.9-1.3,9.5-4c5.3-5.3,5.3-13.8,0-19.1L145.188,238.575z\"><\/path><\/svg>\n        <\/span>\n        <span class=\"sr-only\">Previous<\/span>\n      <\/a>\n      <a class=\"u-absolute-vcenter u-carousel-control u-carousel-control-next u-text-hover-custom-color-14 u-text-palette-5-base u-block-3b7b-4\" href=\"#carousel_e88f\" role=\"button\" data-u-slide=\"next\">\n        <span aria-hidden=\"true\">\n          <svg viewBox=\"0 0 477.175 477.175\"><path d=\"M360.731,229.075l-225.1-225.1c-5.3-5.3-13.8-5.3-19.1,0s-5.3,13.8,0,19.1l215.5,215.5l-215.5,215.5\n                    c-5.3,5.3-5.3,13.8,0,19.1c2.6,2.6,6.1,4,9.5,4c3.4,0,6.9-1.3,9.5-4l225.1-225.1C365.931,242.875,365.931,234.275,360.731,229.075z\"><\/path><\/svg>\n        <\/span>\n        <span class=\"sr-only\">Next<\/span>\n      <\/a>\n    <\/section>\n    \n    \n    \n    \n    \n  \n<\/div>","protected":false},"excerpt":{"rendered":"<p>ANEMON Sonbaharda yaprak d\u00f6kmeyen ve i\u011fne yaprakl\u0131 bir a\u011fa\u00e7 t\u00fcr\u00fc olan \u00e7am so\u011fu\u011fa ve kurakl\u0131\u011fa kar\u015f\u0131 dayan\u0131kl\u0131d\u0131r. Bu durum onu her yerde yeti\u015febilecek bir a\u011fa\u00e7 yapm\u0131\u015ft\u0131r. Havay\u0131 da temizledi\u011fi i\u00e7in \u00e7am a\u011fa\u00e7lar\u0131n\u0131 her yerde g\u00f6rmek m\u00fcmk\u00fcnd\u00fcr. \u00c7am a\u011fa\u00e7lar\u0131 ayn\u0131 zamanda 100 ile 1000 y\u0131l ya\u015famakta olup boylar\u0131 9 ile 25 metre aras\u0131nda de\u011fi\u015fmektedir. Previous Next<\/p>\n","protected":false},"author":1,"featured_media":0,"parent":0,"menu_order":16,"comment_status":"closed","ping_status":"closed","template":"","meta":{"footnotes":""},"class_list":["post-197","page","type-page","status-publish","hentry","entry"],"_links":{"self":[{"href":"http:\/\/lamiset.com\/index.php\/wp-json\/wp\/v2\/pages\/197","targetHints":{"allow":["GET"]}}],"collection":[{"href":"http:\/\/lamiset.com\/index.php\/wp-json\/wp\/v2\/pages"}],"about":[{"href":"http:\/\/lamiset.com\/index.php\/wp-json\/wp\/v2\/types\/page"}],"author":[{"embeddable":true,"href":"http:\/\/lamiset.com\/index.php\/wp-json\/wp\/v2\/users\/1"}],"replies":[{"embeddable":true,"href":"http:\/\/lamiset.com\/index.php\/wp-json\/wp\/v2\/comments?post=197"}],"version-history":[{"count":1,"href":"http:\/\/lamiset.com\/index.php\/wp-json\/wp\/v2\/pages\/197\/revisions"}],"predecessor-version":[{"id":233,"href":"http:\/\/lamiset.com\/index.php\/wp-json\/wp\/v2\/pages\/197\/revisions\/233"}],"wp:attachment":[{"href":"http:\/\/lamiset.com\/index.php\/wp-json\/wp\/v2\/media?parent=197"}],"curies":[{"name":"wp","href":"https:\/\/api.w.org\/{rel}","templated":true}]}}