{"id":415,"date":"2021-05-27T14:06:01","date_gmt":"2021-05-27T11:06:01","guid":{"rendered":"http:\/\/lamiset.com\/index.php\/begonia-detayli-2\/"},"modified":"2021-05-27T14:06:25","modified_gmt":"2021-05-27T11:06:25","slug":"begonia-detayli-2","status":"publish","type":"page","link":"http:\/\/lamiset.com\/index.php\/begonia-detayli-2\/","title":{"rendered":"BEGON\u0130A DETAYLI"},"content":{"rendered":"<div class=\"\" style=\"\" >\n  \n    <section class=\"u-carousel u-slide u-valign-middle u-block-c5e3-1\" id=\"carousel_e88f\" data-interval=\"5000\" data-u-ride=\"carousel\">\n      <ol class=\"u-absolute-hcenter u-carousel-indicators u-block-c5e3-2\">\n        <li data-u-target=\"#carousel_e88f\" data-u-slide-to=\"0\" class=\"u-active u-grey-30\"><\/li>\n      <\/ol>\n      <div class=\"u-carousel-inner\" role=\"listbox\">\n        <div class=\"u-active u-align-center u-carousel-item u-clearfix u-palette-3-dark-3 u-section-1-1\" data-href=\"http:\/\/lamiset.com\/index.php\/orkde-detay-2\/\">\n          <div class=\"u-clearfix u-layout-wrap u-layout-wrap-1\">\n            <div class=\"u-gutter-0 u-layout\">\n              <div class=\"u-layout-row\">\n                <div class=\"u-size-26\">\n                  <div class=\"u-layout-col\">\n                    <div class=\"u-container-style u-layout-cell u-left-cell u-size-60 u-layout-cell-1\">\n                      <div class=\"u-container-layout u-valign-top-md u-valign-top-sm u-valign-top-xs u-container-layout-1\">\n                        <img decoding=\"async\" class=\"u-image u-image-1\" src=\"http:\/\/lamiset.com\/wp-content\/uploads\/2021\/05\/BIPImage2021-02-13at00.11.56-1.jpg\" data-image-width=\"383\" data-image-height=\"2400\">\n                      <\/div>\n                    <\/div>\n                  <\/div>\n                <\/div>\n                <div class=\"u-size-34\">\n                  <div class=\"u-layout-row\">\n                    <div class=\"u-container-style u-layout-cell u-right-cell u-size-60 u-layout-cell-2\">\n                      <div class=\"u-container-layout u-container-layout-2\">\n                        <h2 class=\"u-text u-text-palette-4-base u-text-1\">Begonya<\/h2>\n                        <p class=\"u-text u-text-2\">&nbsp;Yap\u0131s\u0131 gere\u011fi&nbsp;\u0131l\u0131man iklim&nbsp;ko\u015fullar\u0131na uygun bir bitki oldu\u011fundan evlerde yeti\u015ftirilmeye olduk\u00e7a m\u00fcsaittir. \u00c7i\u00e7eklere kar\u015f\u0131 ilgisi olan ve evinde s\u00fcs bitkisi yeti\u015ftirmeyi seven ki\u015filerin vazge\u00e7ilmezi olan begonya, k\u0131\u015f aylar\u0131 ba\u015fta olmak \u00fczere her mevsimde \u00e7i\u00e7ek vermektedir.200 civar\u0131nda t\u00fcr\u00fc olan \u00e7i\u00e7e\u011fin en \u00e7ok bilineni katmerli olan\u0131d\u0131r.&nbsp;<\/p>\n                        <img decoding=\"async\" class=\"u-image u-image-2\" src=\"http:\/\/lamiset.com\/wp-content\/uploads\/2021\/05\/BIPImage2021-02-13at00.11.56-1.jpg\" data-image-width=\"383\" data-image-height=\"2400\">\n                        <img decoding=\"async\" class=\"u-image u-image-3\" src=\"http:\/\/lamiset.com\/wp-content\/uploads\/2021\/05\/2174ef90050fdd5d31141a27b00b7f7cd9225b08ee4304d83d8c8e85ad4ada91e348151af363a2f108b5475e6b96ab05dc1bdf3e341b79dd100614_1280-1.jpg\" data-image-width=\"1280\" data-image-height=\"853\">\n                        <img decoding=\"async\" class=\"u-border-12 u-border-palette-4-base u-image u-image-4\" src=\"http:\/\/lamiset.com\/wp-content\/uploads\/2021\/05\/cbef561548e17504a1ab1105c6637f91feb56960f1f4397e529e92aadb01dbc595cd5ae88c142b90a29df6f0eee96caaa6aa84d070e436d7605599_1280-1.jpg\" data-image-width=\"1280\" data-image-height=\"960\">\n                      <\/div>\n                    <\/div>\n                  <\/div>\n                <\/div>\n              <\/div>\n            <\/div>\n          <\/div>\n          <img decoding=\"async\" class=\"u-image u-image-5\" src=\"http:\/\/lamiset.com\/wp-content\/uploads\/2021\/05\/BIPImage2021-02-13at00.11.56-1.jpg\" data-image-width=\"383\" data-image-height=\"2400\">\n        <\/div>\n      <\/div>\n      <a class=\"u-carousel-control u-carousel-control-prev u-text-hover-custom-color-14 u-text-palette-4-base u-block-c5e3-5\" href=\"#carousel_e88f\" role=\"button\" data-u-slide=\"prev\">\n        <span aria-hidden=\"true\">\n          <svg viewBox=\"0 0 477.175 477.175\"><path d=\"M145.188,238.575l215.5-215.5c5.3-5.3,5.3-13.8,0-19.1s-13.8-5.3-19.1,0l-225.1,225.1c-5.3,5.3-5.3,13.8,0,19.1l225.1,225\n                    c2.6,2.6,6.1,4,9.5,4s6.9-1.3,9.5-4c5.3-5.3,5.3-13.8,0-19.1L145.188,238.575z\"><\/path><\/svg>\n        <\/span>\n        <span class=\"sr-only\">Previous<\/span>\n      <\/a>\n      <a class=\"u-carousel-control u-carousel-control-next u-text-hover-custom-color-14 u-text-palette-4-base u-block-c5e3-4\" href=\"#carousel_e88f\" role=\"button\" data-u-slide=\"next\">\n        <span aria-hidden=\"true\">\n          <svg viewBox=\"0 0 477.175 477.175\"><path d=\"M360.731,229.075l-225.1-225.1c-5.3-5.3-13.8-5.3-19.1,0s-5.3,13.8,0,19.1l215.5,215.5l-215.5,215.5\n                    c-5.3,5.3-5.3,13.8,0,19.1c2.6,2.6,6.1,4,9.5,4c3.4,0,6.9-1.3,9.5-4l225.1-225.1C365.931,242.875,365.931,234.275,360.731,229.075z\"><\/path><\/svg>\n        <\/span>\n        <span class=\"sr-only\">Next<\/span>\n      <\/a>\n    <\/section>\n    \n    \n    \n    \n    \n  \n<\/div>","protected":false},"excerpt":{"rendered":"<p>Begonya &nbsp;Yap\u0131s\u0131 gere\u011fi&nbsp;\u0131l\u0131man iklim&nbsp;ko\u015fullar\u0131na uygun bir bitki oldu\u011fundan evlerde yeti\u015ftirilmeye olduk\u00e7a m\u00fcsaittir. \u00c7i\u00e7eklere kar\u015f\u0131 ilgisi olan ve evinde s\u00fcs bitkisi yeti\u015ftirmeyi seven ki\u015filerin vazge\u00e7ilmezi olan begonya, k\u0131\u015f aylar\u0131 ba\u015fta olmak \u00fczere her mevsimde \u00e7i\u00e7ek vermektedir.200 civar\u0131nda t\u00fcr\u00fc olan \u00e7i\u00e7e\u011fin en \u00e7ok bilineni katmerli olan\u0131d\u0131r.&nbsp; Previous Next<\/p>\n","protected":false},"author":1,"featured_media":0,"parent":0,"menu_order":8,"comment_status":"closed","ping_status":"closed","template":"","meta":{"footnotes":""},"class_list":["post-415","page","type-page","status-publish","hentry","entry"],"_links":{"self":[{"href":"http:\/\/lamiset.com\/index.php\/wp-json\/wp\/v2\/pages\/415","targetHints":{"allow":["GET"]}}],"collection":[{"href":"http:\/\/lamiset.com\/index.php\/wp-json\/wp\/v2\/pages"}],"about":[{"href":"http:\/\/lamiset.com\/index.php\/wp-json\/wp\/v2\/types\/page"}],"author":[{"embeddable":true,"href":"http:\/\/lamiset.com\/index.php\/wp-json\/wp\/v2\/users\/1"}],"replies":[{"embeddable":true,"href":"http:\/\/lamiset.com\/index.php\/wp-json\/wp\/v2\/comments?post=415"}],"version-history":[{"count":1,"href":"http:\/\/lamiset.com\/index.php\/wp-json\/wp\/v2\/pages\/415\/revisions"}],"predecessor-version":[{"id":451,"href":"http:\/\/lamiset.com\/index.php\/wp-json\/wp\/v2\/pages\/415\/revisions\/451"}],"wp:attachment":[{"href":"http:\/\/lamiset.com\/index.php\/wp-json\/wp\/v2\/media?parent=415"}],"curies":[{"name":"wp","href":"https:\/\/api.w.org\/{rel}","templated":true}]}}