{"id":419,"date":"2021-05-27T14:06:05","date_gmt":"2021-05-27T11:06:05","guid":{"rendered":"http:\/\/lamiset.com\/index.php\/kapi-kolu-2\/"},"modified":"2021-05-27T14:06:25","modified_gmt":"2021-05-27T11:06:25","slug":"kapi-kolu-2","status":"publish","type":"page","link":"http:\/\/lamiset.com\/index.php\/kapi-kolu-2\/","title":{"rendered":"KAPI KOLU"},"content":{"rendered":"<div class=\"\" style=\"\" >\n  \n    <section class=\"u-align-right u-clearfix u-image u-shading u-section-1\" id=\"carousel_0eeb\" data-image-width=\"1280\" data-image-height=\"853\">\n      <div class=\"u-clearfix u-sheet u-sheet-1\">\n        <h2 class=\"u-align-left u-text u-text-1\">KAPI KOLLARI<\/h2>\n        <a href=\"https:\/\/www.ebilok.com\/kapi-kollari\" class=\"u-align-left u-border-2 u-border-white u-link u-no-underline u-text-hover-palette-4-base u-text-palette-3-base u-link-1\">Sat\u0131n AL<\/a>\n        <div class=\"u-expanded-width u-list u-repeater u-list-1\">\n          <div class=\"u-align-left u-container-style u-custom-color-15 u-list-item u-repeater-item\">\n            <div class=\"u-container-layout u-similar-container u-container-layout-1\">\n              <img decoding=\"async\" src=\"http:\/\/lamiset.com\/wp-content\/uploads\/2021\/05\/5b6df06c7298f419627481-1.jpg\" alt=\"\" class=\"u-image u-image-default u-image-1\" data-image-width=\"1134\" data-image-height=\"1134\" data-animation-name=\"fadeIn\" data-animation-duration=\"1000\" data-animation-delay=\"0\" data-animation-direction=\"\">\n              <h5 class=\"u-text u-text-2\">L\u00fcks Polat<br>\n              <\/h5>\n              <p class=\"u-text u-text-3\">Y-Rozetli (R10)<\/p>\n            <\/div>\n          <\/div>\n          <div class=\"u-align-left u-container-style u-custom-color-15 u-list-item u-repeater-item\">\n            <div class=\"u-container-layout u-similar-container u-container-layout-2\">\n              <img decoding=\"async\" src=\"http:\/\/lamiset.com\/wp-content\/uploads\/2021\/05\/5b6df06341b49737073586-1.jpg\" alt=\"\" class=\"u-image u-image-default u-image-2\" data-image-width=\"1134\" data-image-height=\"1134\" data-animation-name=\"fadeIn\" data-animation-duration=\"1000\" data-animation-delay=\"0\" data-animation-direction=\"\">\n              <h5 class=\"u-text u-text-4\">Balina<\/h5>\n              <p class=\"u-text u-text-5\">Y-Rozetli (R10)<br>6037-0302\n              <\/p>\n            <\/div>\n          <\/div>\n          <div class=\"u-align-left u-container-style u-custom-color-15 u-list-item u-repeater-item\">\n            <div class=\"u-container-layout u-similar-container u-container-layout-3\">\n              <img decoding=\"async\" src=\"http:\/\/lamiset.com\/wp-content\/uploads\/2021\/05\/5b6df063e06ef470800088-1.jpg\" alt=\"\" class=\"u-image u-image-default u-image-3\" data-image-width=\"1134\" data-image-height=\"1134\" data-animation-name=\"fadeIn\" data-animation-duration=\"1000\" data-animation-delay=\"0\" data-animation-direction=\"\">\n              <h5 class=\"u-text u-text-6\">Lerzan<\/h5>\n              <p class=\"u-text u-text-7\">Y-Rozetli (R10)<br>6006-0302<br>\n              <\/p>\n            <\/div>\n          <\/div>\n          <div class=\"u-align-left u-container-style u-custom-color-15 u-list-item u-repeater-item\">\n            <div class=\"u-container-layout u-similar-container u-container-layout-4\">\n              <img decoding=\"async\" src=\"http:\/\/lamiset.com\/wp-content\/uploads\/2021\/05\/5b6df05fb8bea566932981-1.jpg\" alt=\"\" class=\"u-image u-image-default u-image-4\" data-image-width=\"1134\" data-image-height=\"1134\" data-animation-name=\"fadeIn\" data-animation-duration=\"1000\" data-animation-delay=\"0\" data-animation-direction=\"\">\n              <h5 class=\"u-text u-text-8\">\u015eebboy<\/h5>\n              <p class=\"u-text u-text-9\">Y-Rozetli (R-10)<br>7045-0202\n              <\/p>\n            <\/div>\n          <\/div>\n        <\/div>\n        <a href=\"https:\/\/www.ebilok.com\/lamiset-lerzan-aluminyum-y-rozetli-r10-kapi-kolu\" class=\"u-btn u-button-style u-hover-palette-4-base u-palette-3-base u-btn-1\" data-animation-name=\"zoomIn\" data-animation-duration=\"1000\" data-animation-delay=\"0\" data-animation-direction=\"\">\u0130ncele<\/a>\n        <a href=\"https:\/\/www.ebilok.com\/lamiset-balina-aluminyum-y-rozetli-r10\" class=\"u-btn u-button-style u-hover-palette-4-base u-palette-3-base u-btn-2\" data-animation-name=\"zoomIn\" data-animation-duration=\"1000\" data-animation-delay=\"0\" data-animation-direction=\"\">\u0130ncele<\/a>\n        <a href=\"https:\/\/www.ebilok.com\/lamiset-luks-polat-gumus-y-rozetli-kapi-kolu\" class=\"u-btn u-button-style u-hover-palette-4-base u-palette-3-base u-btn-3\" data-animation-name=\"zoomIn\" data-animation-duration=\"1000\" data-animation-delay=\"0\" data-animation-direction=\"\">\u0130ncele<\/a>\n        <a href=\"https:\/\/www.ebilok.com\/lamiset-sebboy-aluminyum-y-rozetli-r10-kapi-kolu\" class=\"u-btn u-button-style u-hover-palette-4-base u-palette-3-base u-btn-4\" data-animation-name=\"zoomIn\" data-animation-duration=\"1000\" data-animation-delay=\"0\" data-animation-direction=\"\">\u0130ncele<\/a>\n      <\/div>\n    <\/section>\n    \n    \n    \n    \n    \n  \n<\/div>","protected":false},"excerpt":{"rendered":"<p>KAPI KOLLARI Sat\u0131n AL L\u00fcks Polat Y-Rozetli (R10) Balina Y-Rozetli (R10)6037-0302 Lerzan Y-Rozetli (R10)6006-0302 \u015eebboy Y-Rozetli (R-10)7045-0202 \u0130ncele \u0130ncele \u0130ncele \u0130ncele<\/p>\n","protected":false},"author":1,"featured_media":0,"parent":0,"menu_order":12,"comment_status":"closed","ping_status":"closed","template":"","meta":{"footnotes":""},"class_list":["post-419","page","type-page","status-publish","hentry","entry"],"_links":{"self":[{"href":"http:\/\/lamiset.com\/index.php\/wp-json\/wp\/v2\/pages\/419","targetHints":{"allow":["GET"]}}],"collection":[{"href":"http:\/\/lamiset.com\/index.php\/wp-json\/wp\/v2\/pages"}],"about":[{"href":"http:\/\/lamiset.com\/index.php\/wp-json\/wp\/v2\/types\/page"}],"author":[{"embeddable":true,"href":"http:\/\/lamiset.com\/index.php\/wp-json\/wp\/v2\/users\/1"}],"replies":[{"embeddable":true,"href":"http:\/\/lamiset.com\/index.php\/wp-json\/wp\/v2\/comments?post=419"}],"version-history":[{"count":1,"href":"http:\/\/lamiset.com\/index.php\/wp-json\/wp\/v2\/pages\/419\/revisions"}],"predecessor-version":[{"id":455,"href":"http:\/\/lamiset.com\/index.php\/wp-json\/wp\/v2\/pages\/419\/revisions\/455"}],"wp:attachment":[{"href":"http:\/\/lamiset.com\/index.php\/wp-json\/wp\/v2\/media?parent=419"}],"curies":[{"name":"wp","href":"https:\/\/api.w.org\/{rel}","templated":true}]}}