{"id":425,"date":"2021-05-27T14:06:11","date_gmt":"2021-05-27T11:06:11","guid":{"rendered":"http:\/\/lamiset.com\/index.php\/lamisetvizyon-2\/"},"modified":"2021-08-25T15:58:49","modified_gmt":"2021-08-25T12:58:49","slug":"lamisetvizyon-2","status":"publish","type":"page","link":"http:\/\/lamiset.com\/index.php\/lamisetvizyon-2\/","title":{"rendered":"LAM\u0130SETV\u0130ZYON"},"content":{"rendered":"<div class=\"\" style=\"\" >\n    \n    <section class=\"u-align-center u-clearfix u-image u-shading u-section-2\" id=\"carousel_ab3f\" data-image-width=\"1980\" data-image-height=\"924\">\n      <div class=\"u-clearfix u-sheet u-sheet-1\">\n        <p class=\"u-text u-text-custom-color-1 u-text-1\" data-animation-name=\"flipIn\" data-animation-duration=\"1000\" data-animation-delay=\"0\" data-animation-direction=\"X\">\n          <span style=\"font-weight: 700;\">V\u0130ZYON<\/span> SER\u0130S\u0130<br>\n        <\/p>\n        <p class=\"u-align-left u-text u-text-2\" data-animation-name=\"rollIn\" data-animation-duration=\"1000\" data-animation-delay=\"0\" data-animation-direction=\"\">\n          <span style=\"font-weight: 700;\">&nbsp;\u00d6zellikler;<\/span>\n          <br>\n          <span class=\"u-text-body-alt-color\">- KALINLIK: 8mm<br>-Y\u00dcZEY: AC3\/(31)<br>-DERZS\u0130Z \n          <\/span>\n        <\/p>\n        <p class=\"u-align-center u-text u-text-body-alt-color u-text-3\" data-animation-name=\"flipIn\" data-animation-duration=\"1000\" data-animation-delay=\"0\" data-animation-direction=\"X\">\n          <span class=\"u-text-custom-color-3\">Vizyon serisi;<\/span>\n          <br>Vizyonunu belirlemi\u015f olanlar\u0131n vazge\u00e7ilemez tercihi... \n        <\/p>\n        <div class=\"u-clearfix u-gutter-26 u-layout-wrap u-layout-wrap-1\">\n          <div class=\"u-gutter-0 u-layout\">\n            <div class=\"u-layout-col\">\n              <div class=\"u-size-30\">\n                <div class=\"u-layout-row\">\n                  <div class=\"u-container-style u-image u-layout-cell u-shading u-size-15 u-image-1\" data-image-width=\"1280\" data-image-height=\"853\" data-href=\"http:\/\/lamiset.com\/index.php\/orkde-detay-2\/\">\n                    <div class=\"u-container-layout u-container-layout-1\">\n                      <h4 class=\"u-align-center u-text u-text-body-alt-color u-text-4\">\n                        <br>\n                        <a class=\"u-active-none u-border-none u-btn u-button-link u-button-style u-hover-none u-none u-text-hover-custom-color-1 u-text-white u-btn-1\" href=\"http:\/\/lamiset.com\/index.php\/orkde-detay-2\/\">O<br>r<br>k<br>\u0130<br>d<br>e<br>\n                        <\/a>\n                      <\/h4>\n                      <img decoding=\"async\" src=\"http:\/\/lamiset.com\/wp-content\/uploads\/2021\/05\/BIPImage2021-02-13at00.12.14-1.jpg\" alt=\"\" class=\"u-image u-image-default u-image-2\" data-image-width=\"255\" data-image-height=\"1600\">\n                    <\/div>\n                  <\/div>\n                  <div class=\"u-align-left u-container-style u-image u-layout-cell u-shading u-size-15 u-image-3\" data-image-width=\"1280\" data-image-height=\"853\">\n                    <div class=\"u-container-layout u-container-layout-2\">\n                      <h4 class=\"u-align-center u-text u-text-body-alt-color u-text-5\">\n                        <a class=\"u-active-none u-border-none u-btn u-button-link u-button-style u-hover-none u-none u-text-body-alt-color u-text-hover-custom-color-1 u-btn-2\" href=\"http:\/\/lamiset.com\/index.php\/sumela-2\/\">S<br>\u00dc<br>M<br>E<br>L<br>A<br>\n                        <\/a>\n                      <\/h4>\n                      <img decoding=\"async\" src=\"http:\/\/lamiset.com\/wp-content\/uploads\/2021\/05\/SMELA1-1.png\" alt=\"\" class=\"u-image u-image-default u-image-4\" data-image-width=\"134\" data-image-height=\"1600\">\n                    <\/div>\n                  <\/div>\n                  <div class=\"u-align-left u-container-style u-image u-layout-cell u-shading u-size-15 u-image-5\" data-image-width=\"1280\" data-image-height=\"853\">\n                    <div class=\"u-container-layout u-valign-top u-container-layout-3\">\n                      <img decoding=\"async\" src=\"http:\/\/lamiset.com\/wp-content\/uploads\/2021\/05\/13-1.png\" alt=\"\" class=\"u-image u-image-default u-image-6\" data-image-width=\"959\" data-image-height=\"6142\">\n                      <h4 class=\"u-align-center u-text u-text-body-alt-color u-text-6\">\n                        <a class=\"u-active-none u-border-none u-btn u-button-link u-button-style u-hover-none u-none u-text-body-alt-color u-text-hover-custom-color-1 u-btn-3\" href=\"http:\/\/lamiset.com\/index.php\/lilyum-2\/\">L<br>\u0130<br>L<br>Y<br>U<br>M<br>\n                        <\/a>\n                      <\/h4>\n                    <\/div>\n                  <\/div>\n                  <div class=\"u-align-left u-container-style u-image u-layout-cell u-shading u-size-15 u-image-7\" data-image-width=\"1280\" data-image-height=\"848\">\n                    <div class=\"u-container-layout u-container-layout-4\">\n                      <h4 class=\"u-align-center u-text u-text-body-alt-color u-text-7\">\n                        <a class=\"u-active-none u-border-none u-btn u-button-link u-button-style u-hover-none u-none u-text-body-alt-color u-text-hover-custom-color-1 u-btn-4\" href=\"http:\/\/lamiset.com\/index.php\/akdeniz-mese-2\/\">A<br>K<br>D<br>E<br>N<br>\u0130<br>Z<br>&nbsp;<br>M<br>E<br>\u015e<br>E<br>\n                        <\/a>\n                      <\/h4>\n                      <img decoding=\"async\" src=\"http:\/\/lamiset.com\/wp-content\/uploads\/2021\/05\/14-1.png\" alt=\"\" class=\"u-image u-image-default u-image-8\" data-image-width=\"959\" data-image-height=\"6142\">\n                    <\/div>\n                  <\/div>\n                <\/div>\n              <\/div>\n              <div class=\"u-size-30\">\n                <div class=\"u-layout-row\">\n                  <div class=\"u-align-left u-container-style u-image u-layout-cell u-shading u-size-15 u-image-9\" data-image-width=\"150\" data-image-height=\"99\">\n                    <div class=\"u-container-layout u-valign-top u-container-layout-5\">\n                      <img decoding=\"async\" src=\"http:\/\/lamiset.com\/wp-content\/uploads\/2021\/05\/23-1.png\" alt=\"\" class=\"u-image u-image-default u-image-10\" data-image-width=\"959\" data-image-height=\"6142\">\n                      <h4 class=\"u-align-center u-text u-text-body-alt-color u-text-8\">\n                        <a class=\"u-active-none u-border-none u-btn u-button-link u-button-style u-hover-none u-none u-text-body-alt-color u-text-hover-custom-color-1 u-btn-5\" href=\"http:\/\/lamiset.com\/index.php\/anemon-2\/\">A<br>N<br>E<br>M<br>O<br>N<br>\n                        <\/a>\n                      <\/h4>\n                    <\/div>\n                  <\/div>\n                  <div class=\"u-align-left u-container-style u-image u-layout-cell u-shading u-size-15 u-image-11\" data-image-width=\"1280\" data-image-height=\"602\" data-href=\"http:\/\/lamiset.com\/index.php\/nergis-detayli-2\/\">\n                    <div class=\"u-container-layout u-container-layout-6\">\n                      <h4 class=\"u-align-center u-text u-text-body-alt-color u-text-9\">\n                        <a class=\"u-active-none u-border-none u-btn u-button-link u-button-style u-hover-none u-none u-text-body-alt-color u-text-hover-palette-3-base u-btn-6\" href=\"http:\/\/lamiset.com\/index.php\/nergis-detayli-2\/\">N<br>E<br>R<br>G<br>\u0130<br>S<br>\n                        <\/a>\n                      <\/h4>\n                      <img decoding=\"async\" src=\"http:\/\/lamiset.com\/wp-content\/uploads\/2021\/05\/BIPImage2021-02-13at00.12.18-1.jpg\" alt=\"\" class=\"u-image u-image-default u-image-12\" data-image-width=\"255\" data-image-height=\"1600\" data-href=\"http:\/\/lamiset.com\/index.php\/nergis-detayli-2\/\">\n                    <\/div>\n                  <\/div>\n                  <div class=\"u-align-left u-container-style u-image u-layout-cell u-shading u-size-15 u-image-13\" data-image-width=\"1280\" data-image-height=\"853\">\n                    <div class=\"u-container-layout u-container-layout-7\">\n                      <h4 class=\"u-align-center u-text u-text-body-alt-color u-text-10\">\n                        <br>\n                        <a class=\"u-active-none u-border-none u-btn u-button-link u-button-style u-hover-none u-none u-text-hover-custom-color-1 u-text-white u-btn-7\" href=\"http:\/\/lamiset.com\/index.php\/begonia-detayli-2\/\">B<br>E<br>G<br>O<br>N<br>Y<br>A<br>\n                        <\/a>\n                      <\/h4>\n                      <img decoding=\"async\" src=\"http:\/\/lamiset.com\/wp-content\/uploads\/2021\/05\/12-1.png\" alt=\"\" class=\"u-image u-image-default u-image-14\" data-image-width=\"959\" data-image-height=\"6142\">\n                    <\/div>\n                  <\/div>\n                  <div class=\"u-align-left u-container-style u-image u-layout-cell u-shading u-size-15 u-image-15\" data-image-width=\"1280\" data-image-height=\"960\">\n                    <div class=\"u-container-layout u-container-layout-8\">\n                      <h4 class=\"u-align-center u-text u-text-body-alt-color u-text-11\">\n                        <a class=\"u-active-none u-border-none u-btn u-button-link u-button-style u-hover-none u-none u-text-hover-custom-color-1 u-text-white u-btn-8\" href=\"http:\/\/lamiset.com\/index.php\/sumbul-2\/\">S<br>\u00dc<br>M<br>B<br>\u00dc<br>L<br>\n                        <\/a>\n                      <\/h4>\n                      <img decoding=\"async\" src=\"http:\/\/lamiset.com\/wp-content\/uploads\/2021\/05\/1-1.png\" alt=\"\" class=\"u-image u-image-default u-image-16\" data-image-width=\"900\" data-image-height=\"4800\">\n                    <\/div>\n                  <\/div>\n                <\/div>\n              <\/div>\n            <\/div>\n          <\/div>\n        <\/div>\n      <\/div>\n    <\/section>\n    \n    \n    \n    \n  \n<\/div>","protected":false},"excerpt":{"rendered":"<p>V\u0130ZYON SER\u0130S\u0130 &nbsp;\u00d6zellikler; &#8211; KALINLIK: 8mm-Y\u00dcZEY: AC3\/(31)-DERZS\u0130Z Vizyon serisi; Vizyonunu belirlemi\u015f olanlar\u0131n vazge\u00e7ilemez tercihi&#8230; Ork\u0130de S\u00dcMELA L\u0130LYUM AKDEN\u0130Z&nbsp;ME\u015eE ANEMON NERG\u0130S BEGONYA S\u00dcMB\u00dcL<\/p>\n","protected":false},"author":1,"featured_media":0,"parent":0,"menu_order":18,"comment_status":"closed","ping_status":"closed","template":"","meta":{"footnotes":""},"class_list":["post-425","page","type-page","status-publish","hentry","entry"],"_links":{"self":[{"href":"http:\/\/lamiset.com\/index.php\/wp-json\/wp\/v2\/pages\/425","targetHints":{"allow":["GET"]}}],"collection":[{"href":"http:\/\/lamiset.com\/index.php\/wp-json\/wp\/v2\/pages"}],"about":[{"href":"http:\/\/lamiset.com\/index.php\/wp-json\/wp\/v2\/types\/page"}],"author":[{"embeddable":true,"href":"http:\/\/lamiset.com\/index.php\/wp-json\/wp\/v2\/users\/1"}],"replies":[{"embeddable":true,"href":"http:\/\/lamiset.com\/index.php\/wp-json\/wp\/v2\/comments?post=425"}],"version-history":[{"count":2,"href":"http:\/\/lamiset.com\/index.php\/wp-json\/wp\/v2\/pages\/425\/revisions"}],"predecessor-version":[{"id":551,"href":"http:\/\/lamiset.com\/index.php\/wp-json\/wp\/v2\/pages\/425\/revisions\/551"}],"wp:attachment":[{"href":"http:\/\/lamiset.com\/index.php\/wp-json\/wp\/v2\/media?parent=425"}],"curies":[{"name":"wp","href":"https:\/\/api.w.org\/{rel}","templated":true}]}}