{"id":433,"date":"2021-05-27T14:06:19","date_gmt":"2021-05-27T11:06:19","guid":{"rendered":"http:\/\/lamiset.com\/index.php\/safran-2\/"},"modified":"2021-05-27T14:06:25","modified_gmt":"2021-05-27T11:06:25","slug":"safran-2","status":"publish","type":"page","link":"http:\/\/lamiset.com\/index.php\/safran-2\/","title":{"rendered":"SAFRAN"},"content":{"rendered":"<div class=\"\" style=\"\" >\n  \n    <section class=\"u-carousel u-slide u-valign-middle u-block-0925-1\" id=\"carousel_e88f\" data-interval=\"5000\" data-u-ride=\"carousel\">\n      <ol class=\"u-absolute-hcenter u-carousel-indicators u-block-0925-2\">\n        <li data-u-target=\"#carousel_e88f\" data-u-slide-to=\"0\" class=\"u-active u-grey-30\"><\/li>\n      <\/ol>\n      <div class=\"u-carousel-inner\" role=\"listbox\">\n        <div class=\"u-active u-align-center u-carousel-item u-clearfix u-palette-3-dark-3 u-section-1-1\">\n          <div class=\"u-clearfix u-layout-wrap u-layout-wrap-1\">\n            <div class=\"u-gutter-0 u-layout\">\n              <div class=\"u-layout-row\">\n                <div class=\"u-size-26\">\n                  <div class=\"u-layout-col\">\n                    <div class=\"u-container-style u-layout-cell u-left-cell u-size-60 u-layout-cell-1\">\n                      <div class=\"u-container-layout u-valign-top-md u-valign-top-sm u-valign-top-xs u-container-layout-1\">\n                        <img decoding=\"async\" class=\"u-image u-image-1\" src=\"http:\/\/lamiset.com\/wp-content\/uploads\/2021\/05\/112-1.png\" data-image-width=\"250\" data-image-height=\"1600\">\n                      <\/div>\n                    <\/div>\n                  <\/div>\n                <\/div>\n                <div class=\"u-size-34\">\n                  <div class=\"u-layout-row\">\n                    <div class=\"u-container-style u-layout-cell u-right-cell u-size-60 u-layout-cell-2\">\n                      <div class=\"u-container-layout u-container-layout-2\">\n                        <h2 class=\"u-text u-text-custom-color-26 u-text-1\">SAFRAN<\/h2>\n                        <p class=\"u-text u-text-2\">Safran \u00c7i\u00e7e\u011fi ad\u0131n\u0131 Safranbolu \u015fehrinden almaktad\u0131r. T\u00fcrkiye\u2019de Safranbolu\u2019da yeti\u015fmektedir. Safran \u00c7i\u00e7e\u011fi sonbahar gelince a\u00e7maya ba\u015flar. Yapraklar\u0131 ve \u00e7i\u00e7eklerinin g\u00f6r\u00fcn\u00fcm\u00fcyle olduk\u00e7a dikkat \u00e7ekmektedir. Bak\u0131m\u0131 olduk\u00e7a zor olan bu bitki yemeklerde renklendirici ve tat \u00f6zelli\u011finde de kullan\u0131l\u0131r. \u00c7ok eskiye dayanan safran geliri iyi olan bir bitkidir.&nbsp;<\/p>\n                        <img decoding=\"async\" class=\"u-image u-image-2\" src=\"http:\/\/lamiset.com\/wp-content\/uploads\/2021\/05\/112-1.png\" data-image-width=\"250\" data-image-height=\"1600\">\n                        <img decoding=\"async\" class=\"u-image u-image-3\" src=\"http:\/\/lamiset.com\/wp-content\/uploads\/2021\/05\/53a66f60cf8ec85547e62a1afeeb6eb03b9c2ac817eea3e15ff7863e41cdd7dd11627d3b671f7b4fbd3bee019ad669385942da50a95acd6d2424a3_1280-1.jpg\" data-image-width=\"1280\" data-image-height=\"878\">\n                        <img decoding=\"async\" class=\"u-border-12 u-border-custom-color-26 u-image u-image-4\" src=\"http:\/\/lamiset.com\/wp-content\/uploads\/2021\/05\/584209be611166675baf02487fdd83bad6bab5be74c1d3617da2985cd1a8bd1367236ecd5fad75f14f9d8e0199b5342c65d7afef2528145278f743_1280-1.jpg\" data-image-width=\"1280\" data-image-height=\"844\">\n                      <\/div>\n                    <\/div>\n                  <\/div>\n                <\/div>\n              <\/div>\n            <\/div>\n          <\/div>\n          <img decoding=\"async\" class=\"u-image u-image-5\" src=\"http:\/\/lamiset.com\/wp-content\/uploads\/2021\/05\/211-1.png\" data-image-width=\"959\" data-image-height=\"6142\">\n        <\/div>\n      <\/div>\n      <a class=\"u-absolute-vcenter u-carousel-control u-carousel-control-prev u-text-grey-30 u-block-0925-3\" href=\"#carousel_e88f\" role=\"button\" data-u-slide=\"prev\">\n        <span aria-hidden=\"true\">\n          <svg viewBox=\"0 0 477.175 477.175\"><path d=\"M145.188,238.575l215.5-215.5c5.3-5.3,5.3-13.8,0-19.1s-13.8-5.3-19.1,0l-225.1,225.1c-5.3,5.3-5.3,13.8,0,19.1l225.1,225\n                    c2.6,2.6,6.1,4,9.5,4s6.9-1.3,9.5-4c5.3-5.3,5.3-13.8,0-19.1L145.188,238.575z\"><\/path><\/svg>\n        <\/span>\n        <span class=\"sr-only\">Previous<\/span>\n      <\/a>\n      <a class=\"u-absolute-vcenter u-carousel-control u-carousel-control-next u-text-grey-30 u-block-0925-4\" href=\"#carousel_e88f\" role=\"button\" data-u-slide=\"next\">\n        <span aria-hidden=\"true\">\n          <svg viewBox=\"0 0 477.175 477.175\"><path d=\"M360.731,229.075l-225.1-225.1c-5.3-5.3-13.8-5.3-19.1,0s-5.3,13.8,0,19.1l215.5,215.5l-215.5,215.5\n                    c-5.3,5.3-5.3,13.8,0,19.1c2.6,2.6,6.1,4,9.5,4c3.4,0,6.9-1.3,9.5-4l225.1-225.1C365.931,242.875,365.931,234.275,360.731,229.075z\"><\/path><\/svg>\n        <\/span>\n        <span class=\"sr-only\">Next<\/span>\n      <\/a>\n    <\/section>\n    \n    \n    \n    \n    \n  \n<\/div>","protected":false},"excerpt":{"rendered":"<p>SAFRAN Safran \u00c7i\u00e7e\u011fi ad\u0131n\u0131 Safranbolu \u015fehrinden almaktad\u0131r. T\u00fcrkiye\u2019de Safranbolu\u2019da yeti\u015fmektedir. Safran \u00c7i\u00e7e\u011fi sonbahar gelince a\u00e7maya ba\u015flar. Yapraklar\u0131 ve \u00e7i\u00e7eklerinin g\u00f6r\u00fcn\u00fcm\u00fcyle olduk\u00e7a dikkat \u00e7ekmektedir. Bak\u0131m\u0131 olduk\u00e7a zor olan bu bitki yemeklerde renklendirici ve tat \u00f6zelli\u011finde de kullan\u0131l\u0131r. \u00c7ok eskiye dayanan safran geliri iyi olan bir bitkidir.&nbsp; Previous Next<\/p>\n","protected":false},"author":1,"featured_media":0,"parent":0,"menu_order":26,"comment_status":"closed","ping_status":"closed","template":"","meta":{"footnotes":""},"class_list":["post-433","page","type-page","status-publish","hentry","entry"],"_links":{"self":[{"href":"http:\/\/lamiset.com\/index.php\/wp-json\/wp\/v2\/pages\/433","targetHints":{"allow":["GET"]}}],"collection":[{"href":"http:\/\/lamiset.com\/index.php\/wp-json\/wp\/v2\/pages"}],"about":[{"href":"http:\/\/lamiset.com\/index.php\/wp-json\/wp\/v2\/types\/page"}],"author":[{"embeddable":true,"href":"http:\/\/lamiset.com\/index.php\/wp-json\/wp\/v2\/users\/1"}],"replies":[{"embeddable":true,"href":"http:\/\/lamiset.com\/index.php\/wp-json\/wp\/v2\/comments?post=433"}],"version-history":[{"count":1,"href":"http:\/\/lamiset.com\/index.php\/wp-json\/wp\/v2\/pages\/433\/revisions"}],"predecessor-version":[{"id":469,"href":"http:\/\/lamiset.com\/index.php\/wp-json\/wp\/v2\/pages\/433\/revisions\/469"}],"wp:attachment":[{"href":"http:\/\/lamiset.com\/index.php\/wp-json\/wp\/v2\/media?parent=433"}],"curies":[{"name":"wp","href":"https:\/\/api.w.org\/{rel}","templated":true}]}}